{"id":88,"date":"2014-04-09T15:43:04","date_gmt":"2014-04-09T15:43:04","guid":{"rendered":"http:\/\/fis.ucv.cl\/encuentronolineal2014\/?page_id=88"},"modified":"2014-04-14T08:51:44","modified_gmt":"2014-04-14T08:51:44","slug":"programa-2","status":"publish","type":"page","link":"https:\/\/fis.ucv.cl\/workshop2019\/?page_id=88","title":{"rendered":"Programa"},"content":{"rendered":"<p style=\"text-align: left;\"><strong>Programa (Tentativo)<\/strong><\/p>\n<p style=\"text-align: left;\"><img loading=\"lazy\" class=\"alignnone size-full wp-image-127\" alt=\"new\" src=\"http:\/\/fis.ucv.cl\/encuentronolineal2014\/wp-content\/uploads\/2014\/04\/new.png\" width=\"626\" height=\"674\" srcset=\"https:\/\/fis.ucv.cl\/workshop2019\/wp-content\/uploads\/2014\/04\/new.png 626w, https:\/\/fis.ucv.cl\/workshop2019\/wp-content\/uploads\/2014\/04\/new-278x300.png 278w\" sizes=\"(max-width: 626px) 100vw, 626px\" \/><\/a><\/p>\n<p>\u00a0Las palabras de apertura estar\u00e1n a cargo del Dr. Dar\u00edo P\u00e9rez, Director del Instituto de F\u00edsica de la PUCV.<\/p>\n<p>La clausura estar\u00e1 a cargo del Dr. Enrique Tirapegui, Premio Nacional de Ciencias.<\/p>\n","protected":false},"excerpt":{"rendered":"<p>Programa (Tentativo) \u00a0Las palabras de apertura estar\u00e1n a cargo del Dr. Dar\u00edo P\u00e9rez, Director del Instituto de F\u00edsica de la PUCV. La clausura estar\u00e1 a cargo del Dr. Enrique Tirapegui, Premio Nacional de Ciencias.<\/p>\n","protected":false},"author":2,"featured_media":0,"parent":0,"menu_order":0,"comment_status":"closed","ping_status":"closed","template":"onecolumn-page.php","meta":[],"_links":{"self":[{"href":"https:\/\/fis.ucv.cl\/workshop2019\/index.php?rest_route=\/wp\/v2\/pages\/88"}],"collection":[{"href":"https:\/\/fis.ucv.cl\/workshop2019\/index.php?rest_route=\/wp\/v2\/pages"}],"about":[{"href":"https:\/\/fis.ucv.cl\/workshop2019\/index.php?rest_route=\/wp\/v2\/types\/page"}],"author":[{"embeddable":true,"href":"https:\/\/fis.ucv.cl\/workshop2019\/index.php?rest_route=\/wp\/v2\/users\/2"}],"replies":[{"embeddable":true,"href":"https:\/\/fis.ucv.cl\/workshop2019\/index.php?rest_route=%2Fwp%2Fv2%2Fcomments&post=88"}],"version-history":[{"count":10,"href":"https:\/\/fis.ucv.cl\/workshop2019\/index.php?rest_route=\/wp\/v2\/pages\/88\/revisions"}],"predecessor-version":[{"id":128,"href":"https:\/\/fis.ucv.cl\/workshop2019\/index.php?rest_route=\/wp\/v2\/pages\/88\/revisions\/128"}],"wp:attachment":[{"href":"https:\/\/fis.ucv.cl\/workshop2019\/index.php?rest_route=%2Fwp%2Fv2%2Fmedia&parent=88"}],"curies":[{"name":"wp","href":"https:\/\/api.w.org\/{rel}","templated":true}]}}