{"id":51,"date":"2014-02-28T10:13:01","date_gmt":"2014-02-28T10:13:01","guid":{"rendered":"http:\/\/fis.ucv.cl\/sitio2\/?page_id=51"},"modified":"2014-02-28T10:26:27","modified_gmt":"2014-02-28T10:26:27","slug":"lugar","status":"publish","type":"page","link":"https:\/\/fis.ucv.cl\/workshop2019\/?page_id=51","title":{"rendered":"Lugar"},"content":{"rendered":"<p>&nbsp;<\/p>\n<p><iframe loading=\"lazy\" src=\"https:\/\/maps.google.cl\/maps?q=-33.145906,-71.570724&amp;num=1&amp;t=h&amp;hl=es&amp;ie=UTF8&amp;ll=-33.146427,-71.570306&amp;spn=0.001797,0.010182&amp;z=17&amp;output=embed\" height=\"300\" width=\"750\" frameborder=\"0\" marginwidth=\"0\" marginheight=\"0\" scrolling=\"no\"><\/iframe><br \/>\n<small><a style=\"color: #0000ff; text-align: left;\" href=\"https:\/\/maps.google.cl\/maps?q=-33.145906,-71.570724&amp;num=1&amp;t=h&amp;hl=es&amp;ie=UTF8&amp;ll=-33.146427,-71.570306&amp;spn=0.001797,0.010182&amp;z=17&amp;source=embed\">Ver mapa m\u00e1s grande<\/a><\/small><\/p>\n<p>El sector de Curauma se encuentra a unos 17 minutos de Valpara\u00edso, al igual que desde la vecina ciudad de Vi\u00f1a del Mar.<\/p>\n<p>El Campus Curauma, se inserta en una proyecci\u00f3n de nuestra Universidad, teniendo en vista un polo de desarrollo futuro del pa\u00eds. En efecto, se prevee un eje de crecimiento que abarca el Gran Valpara\u00edso y Santiago, como tambi\u00e9n, las ciudades de Rancagua y San Antonio. En ese gran marco geogr\u00e1fico, Curauma constituir\u00e1 un punto destacado, dedicado a importantes carreras en el \u00e1rea de las Ciencias como lo son F\u00edsica, Qu\u00edmica y Biolog\u00eda. A lo anterior se suma adem\u00e1s, la Escuela de Periodismo y en una segunda etapa, Kinesiolog\u00eda.<\/p>\n<p>Este Campus creado para la Educaci\u00f3n Superior, cuenta con laboratorios especializados, aulas computacionales y salas de clases que cumplen con altos est\u00e1ndares y que permiten el mejor logro de las funciones propias de la actividad acad\u00e9mica.<\/p>\n<p>Desde ya, y aprovechando el atractivo paisaje, con abundante forestaci\u00f3n y el aporte gratificante de la naturaleza, alumnos, funcionarios y acad\u00e9micos, han encontrado un espacio f\u00e9rtil para el desarrollo de la investigaci\u00f3n, la docencia y actividades extraprogram\u00e1ticas, que enriquecen la vida universitaria.<\/p>\n<p><a href=\"http:\/\/fis.ucv.cl\/docs\/plano_ubicacion.pdf\" target=\"_blank\">Plano de ubicaci\u00f3n (croquis) (.pdf)<\/a><\/p>\n<p><a href=\"http:\/\/fis.ucv.cl\/docs\/Plano%20ubicacion.JPG\" target=\"_blank\">Plano de ubicaci\u00f3n (sobre Google Earth) (.jpg)<\/a><\/p>\n<p><strong>Acceso<\/strong><\/p>\n<p>Desde Vi\u00f1a del Mar, hacia el Campus Curauma (*)<\/p>\n<table width=\"650\" border=\"1\" cellspacing=\"0\" cellpadding=\"0\">\n<tbody>\n<tr lang=\"\" valign=\"top\">\n<td valign=\"top\" width=\"108\">\n<p align=\"center\"><strong>RECORRIDO<\/strong><\/p>\n<\/td>\n<td valign=\"top\" width=\"135\">\n<p align=\"center\"><strong>PUNTO SALIDA<\/strong><\/p>\n<\/td>\n<td valign=\"top\" width=\"119\">\n<p align=\"center\"><strong>PUNTO LLEGADA<\/strong><\/p>\n<\/td>\n<td valign=\"top\" width=\"119\">\n<p align=\"center\"><strong>SALIDAS<\/strong><\/p>\n<\/td>\n<td valign=\"top\" width=\"104\">\n<p align=\"center\"><strong>N\u00ba DE BUSES<\/strong><\/p>\n<\/td>\n<\/tr>\n<tr lang=\"\" valign=\"top\">\n<td valign=\"top\" width=\"108\">\n<p align=\"center\">1<\/p>\n<\/td>\n<td valign=\"top\" width=\"135\">\n<p align=\"center\">Plaza Parroquia<\/p>\n<\/td>\n<td valign=\"top\" width=\"119\">\n<p align=\"center\">Campus Curauma<\/p>\n<\/td>\n<td valign=\"top\" width=\"119\">\n<p align=\"center\">07:40<\/p>\n<\/td>\n<td valign=\"top\" width=\"104\">\n<p align=\"center\">2<\/p>\n<\/td>\n<\/tr>\n<tr lang=\"\" valign=\"top\">\n<td valign=\"top\" width=\"108\">\n<p align=\"center\">2<\/p>\n<\/td>\n<td valign=\"top\" width=\"135\">\n<p align=\"center\">Estaci\u00f3n Chorrillos<\/p>\n<\/td>\n<td valign=\"top\" width=\"119\">\n<p align=\"center\">Campus Curauma<\/p>\n<\/td>\n<td valign=\"top\" width=\"119\">\n<p align=\"center\">07:40<\/p>\n<\/td>\n<td valign=\"top\" width=\"104\">\n<p align=\"center\">2<\/p>\n<\/td>\n<\/tr>\n<\/tbody>\n<\/table>\n<p>Desde Valpara\u00edso, hacia el Campus Curauma (*)<\/p>\n<table width=\"650\" border=\"1\" cellspacing=\"0\" cellpadding=\"0\">\n<tbody>\n<tr lang=\"\" valign=\"top\">\n<td valign=\"top\" width=\"108\">\n<p align=\"center\"><strong>RECORRIDO<\/strong><\/p>\n<\/td>\n<td valign=\"top\" width=\"135\">\n<p align=\"center\"><strong>PUNTO SALIDA<\/strong><\/p>\n<\/td>\n<td valign=\"top\" width=\"119\">\n<p align=\"center\"><strong>PUNTO LLEGADA<\/strong><\/p>\n<\/td>\n<td valign=\"top\" width=\"119\">\n<p align=\"center\"><strong>SALIDAS<\/strong><\/p>\n<\/td>\n<td valign=\"top\" width=\"104\">\n<p align=\"center\"><strong>N\u00ba DE BUSES<\/strong><\/p>\n<\/td>\n<\/tr>\n<tr lang=\"\" valign=\"top\">\n<td valign=\"top\" width=\"108\">\n<p align=\"center\">3<\/p>\n<\/td>\n<td valign=\"top\" width=\"135\">\n<p align=\"center\">Plaza Victoria<\/p>\n<\/td>\n<td valign=\"top\" width=\"119\">\n<p align=\"center\">Campus Curauma<\/p>\n<\/td>\n<td valign=\"top\" width=\"119\">\n<p align=\"center\">07:40<\/p>\n<\/td>\n<td valign=\"top\" width=\"104\">\n<p align=\"center\">3<\/p>\n<\/td>\n<\/tr>\n<tr lang=\"\" valign=\"top\">\n<td valign=\"top\" width=\"108\">\n<p align=\"center\">4<\/p>\n<\/td>\n<td valign=\"top\" width=\"135\">\n<p align=\"center\">Av. Argentina con Col\u00f3n<\/p>\n<\/td>\n<td valign=\"top\" width=\"119\">\n<p align=\"center\">Campus Curauma<\/p>\n<\/td>\n<td valign=\"top\" width=\"119\">\n<p align=\"center\">07:40<\/p>\n<\/td>\n<td valign=\"top\" width=\"104\">\n<p align=\"center\">3<\/p>\n<\/td>\n<\/tr>\n<tr lang=\"\" valign=\"top\">\n<td valign=\"top\" width=\"108\">\n<p align=\"center\">5<\/p>\n<\/td>\n<td valign=\"top\" width=\"135\">\n<p align=\"center\">Casa Central PUCV<\/p>\n<\/td>\n<td valign=\"top\" width=\"119\">\n<p align=\"center\">Campus Curauma<\/p>\n<\/td>\n<td valign=\"top\" width=\"119\">\n<p align=\"center\">9:20<\/p>\n<\/td>\n<td valign=\"top\" width=\"104\">\n<p align=\"center\">3<\/p>\n<\/td>\n<\/tr>\n<\/tbody>\n<\/table>\n<p>Desde el Campus Curauma, hacia Valpara\u00edso (*)<\/p>\n<table width=\"650\" border=\"1\" cellspacing=\"0\" cellpadding=\"0\">\n<tbody>\n<tr lang=\"\" valign=\"top\">\n<td valign=\"top\" width=\"108\">\n<p align=\"center\"><strong>RECORRIDO<\/strong><\/p>\n<\/td>\n<td valign=\"top\" width=\"135\">\n<p align=\"center\"><strong>PUNTO SALIDA<\/strong><\/p>\n<\/td>\n<td valign=\"top\" width=\"119\">\n<p align=\"center\"><strong>PUNTO LLEGADA<\/strong><\/p>\n<\/td>\n<td valign=\"top\" width=\"119\">\n<p align=\"center\"><strong>SALIDAS<\/strong><\/p>\n<\/td>\n<td valign=\"top\" width=\"104\">\n<p align=\"center\"><strong>N\u00ba DE BUSES<\/strong><\/p>\n<\/td>\n<\/tr>\n<tr lang=\"\" valign=\"top\">\n<td valign=\"top\" width=\"108\">\n<p align=\"center\">6<\/p>\n<\/td>\n<td valign=\"top\" width=\"135\">\n<p align=\"center\">Campus Curauma<\/p>\n<p align=\"center\">\n<\/td>\n<td valign=\"top\" width=\"119\">\n<p align=\"center\">Casa Central PUCV<\/p>\n<\/td>\n<td valign=\"top\" width=\"119\">\n<p align=\"center\">13:20<\/p>\n<p align=\"center\">19:10<\/p>\n<\/td>\n<td valign=\"top\" width=\"104\">\n<p align=\"center\">2<\/p>\n<p align=\"center\">2<\/p>\n<\/td>\n<\/tr>\n<\/tbody>\n<\/table>\n<p>*\u00a0Servicio de transporte dispuesto por\u00a0la PUCV. Valor\u00a0tarifa escolar $130 por viaje.<\/p>\n<p>Servicio de Transfer desde pasarela Placilla, hacia el Campus Curauma<\/p>\n<p>y regreso a pasarela Placilla (**)<\/p>\n<p>&nbsp;<\/p>\n<table width=\"650\" border=\"1\" cellspacing=\"0\" cellpadding=\"0\">\n<tbody>\n<tr lang=\"\" valign=\"top\">\n<td valign=\"top\" width=\"108\">\n<p align=\"center\"><strong>RECORRIDO<\/strong><\/p>\n<\/td>\n<td valign=\"top\" width=\"135\">\n<p align=\"center\"><strong>PUNTO SALIDA<\/strong><\/p>\n<\/td>\n<td valign=\"top\" width=\"119\">\n<p align=\"center\"><strong>PUNTO LLEGADA<\/strong><\/p>\n<\/td>\n<td valign=\"top\" width=\"119\">\n<p align=\"center\"><strong>SALIDAS<\/strong><\/p>\n<\/td>\n<td valign=\"top\" width=\"104\">\n<p align=\"center\"><strong>N\u00ba DE BUSES<\/strong><\/p>\n<p align=\"center\"><strong>EN RECORRIDO<\/strong><\/p>\n<\/td>\n<\/tr>\n<tr lang=\"\" valign=\"top\">\n<td valign=\"top\" width=\"108\">\n<p align=\"center\">7<\/p>\n<\/td>\n<td valign=\"top\" width=\"135\">\n<p align=\"center\">Pasarela Placilla<\/p>\n<p align=\"center\">Campus Curauma<\/p>\n<\/td>\n<td valign=\"top\" width=\"119\">\n<p align=\"center\">Campus Curauma<\/p>\n<p align=\"center\">Pasarela Placilla<\/p>\n<\/td>\n<td valign=\"top\" width=\"119\">\n<p align=\"center\">A partir de las 10:00 y hasta las 17:45 horas.<\/p>\n<p align=\"center\">(Cada 15 minutos)<\/p>\n<\/td>\n<td valign=\"top\" width=\"104\">\n<p align=\"center\">3<\/p>\n<\/td>\n<\/tr>\n<\/tbody>\n<\/table>\n<p>** Servicio de transporte GRATUITO dispuesto por\u00a0la PUCV.<\/p>\n<p><strong>Recorridos del Transporte P\u00fablico<\/strong><\/p>\n<p>Desde Vi\u00f1a del Mar:<\/p>\n<table width=\"650\" border=\"1\" cellspacing=\"0\" cellpadding=\"0\">\n<tbody>\n<tr lang=\"\" valign=\"top\">\n<td valign=\"top\" width=\"199\"><strong>N\u00daMERO L\u00cdNEA<\/strong><\/td>\n<td valign=\"top\" width=\"200\"><strong>RECORRIDO (CALLES PRINCIPALES)<\/strong><\/td>\n<td valign=\"top\" width=\"200\"><strong>FRECUENCIA PROMEDIO<\/strong><\/td>\n<\/tr>\n<tr lang=\"\" valign=\"top\">\n<td valign=\"top\" width=\"199\">L\u00cdNEA 406 (color azul)<\/td>\n<td valign=\"top\" width=\"200\">Re\u00f1aca Alto, Rotonda Santa Julia, Subida Alessandri, Quillota, 1 Norte, Viana, Agua Santa, Ruta 68, Placilla<\/td>\n<td valign=\"top\" width=\"200\">07 minutos<\/td>\n<\/tr>\n<\/tbody>\n<\/table>\n<p>Desde Valpara\u00edso:<\/p>\n<table width=\"650\" border=\"1\" cellspacing=\"0\" cellpadding=\"0\">\n<tbody>\n<tr lang=\"\" valign=\"top\">\n<td valign=\"top\" width=\"199\"><strong>N\u00daMERO L\u00cdNEA<\/strong><\/td>\n<td valign=\"top\" width=\"200\"><strong>RECORRIDO (CALLES PRINCIPALES)<\/strong><\/td>\n<td valign=\"top\" width=\"200\"><strong>FRECUENCIA PROMEDIO<\/strong><\/td>\n<\/tr>\n<tr lang=\"\" valign=\"top\">\n<td valign=\"top\" width=\"199\">L\u00cdNEA 1 (color rojo)<\/td>\n<td valign=\"top\" width=\"200\">Av. Playa Ancha, Prat, Condell, Pedro Montt, Av. Argentina, Santos Ossa, Placilla<\/td>\n<td valign=\"top\" width=\"200\">11 minutos<\/td>\n<\/tr>\n<tr lang=\"\" valign=\"top\">\n<td valign=\"top\" width=\"199\">L\u00cdNEA 001L\u00cdNEA 002L\u00cdNEA 003(colores verde &#8211; blanco)<\/td>\n<td valign=\"top\" width=\"200\">Aduana, Cochrane, Condell, Independencia, Victoria, Av. Argentina, Santos Ossa, Placilla<\/td>\n<td valign=\"top\" width=\"200\">07 minutos<\/td>\n<\/tr>\n<\/tbody>\n<\/table>\n","protected":false},"excerpt":{"rendered":"<p>&nbsp; Ver mapa m\u00e1s grande El sector de Curauma se encuentra a unos 17 minutos de Valpara\u00edso, al igual que desde la vecina ciudad de Vi\u00f1a del Mar. El Campus Curauma, se inserta en una proyecci\u00f3n de nuestra Universidad, teniendo en vista un polo de desarrollo futuro del pa\u00eds. En efecto, se prevee un eje [&hellip;]<\/p>\n","protected":false},"author":2,"featured_media":0,"parent":0,"menu_order":0,"comment_status":"closed","ping_status":"closed","template":"onecolumn-page.php","meta":[],"_links":{"self":[{"href":"https:\/\/fis.ucv.cl\/workshop2019\/index.php?rest_route=\/wp\/v2\/pages\/51"}],"collection":[{"href":"https:\/\/fis.ucv.cl\/workshop2019\/index.php?rest_route=\/wp\/v2\/pages"}],"about":[{"href":"https:\/\/fis.ucv.cl\/workshop2019\/index.php?rest_route=\/wp\/v2\/types\/page"}],"author":[{"embeddable":true,"href":"https:\/\/fis.ucv.cl\/workshop2019\/index.php?rest_route=\/wp\/v2\/users\/2"}],"replies":[{"embeddable":true,"href":"https:\/\/fis.ucv.cl\/workshop2019\/index.php?rest_route=%2Fwp%2Fv2%2Fcomments&post=51"}],"version-history":[{"count":3,"href":"https:\/\/fis.ucv.cl\/workshop2019\/index.php?rest_route=\/wp\/v2\/pages\/51\/revisions"}],"predecessor-version":[{"id":55,"href":"https:\/\/fis.ucv.cl\/workshop2019\/index.php?rest_route=\/wp\/v2\/pages\/51\/revisions\/55"}],"wp:attachment":[{"href":"https:\/\/fis.ucv.cl\/workshop2019\/index.php?rest_route=%2Fwp%2Fv2%2Fmedia&parent=51"}],"curies":[{"name":"wp","href":"https:\/\/api.w.org\/{rel}","templated":true}]}}